f g?
1
Suppose 26 = 2*m - 12. Let s = -16 + m. What is the units digit of s?
3
Let o be (124/6)/((-4)/(-6)). Let u = -32 + o. What is the units digit of (-1)/u - 12/(-2)?
7
Let u be (5*1)/(3/84). Suppose 6*h - 424 = u. What is the units digit of h?
4
Suppose -h + 2 = 0, 0 = 22*s - 20*s - 2*h - 2312. What is the thousands digit of s?
1
Suppose 15*l = 21703 + 13337. What is the thousands digit of l?
2
Suppose f - 37*f = -50688. What is the thousands digit of f?
1
Suppose 28*v - 30*v - 116 = 0. Let n = v - -146. What is the units digit of n?
8
Suppose 18 = -3*r + 42. Let z = 10 - r. Suppose -2*c + 70 = z*f, 3*c - 120 = f - 7. What is the units digit of c?
7
Let y(i) = -2*i - 4. Let s be y(0). Let b(d) = 25*d**3 + 2*d**2 - 2*d + 1. Let v be b(1). What is the tens digit of (-4670)/(-65) - s/v?
7
Let x(s) = -s**3 - 7*s**2 - s - 6. Let v(z) = -z**2 + 5*z + 17. Let p be v(8). What is the units digit of x(p)?
1
Suppose 0 = 1536*x - 1531*x - 930. What is the units digit of x?
6
Let c = -803 + 1292. Let q = 689 - c. What is the hundreds digit of q?
2
Let w = 0 - -2. Let b(i) = -4*i**2 - 5*i + 3*i**w + 1 + 2*i**2 + 7. What is the tens digit of b(6)?
1
Let g(v) be the third derivative of -v**5/10 + v**3/3 + 4*v**2. Let u be g(-2). Let a = 66 + u. What is the tens digit of a?
4
Suppose -20517 = -15*n + 11*n + 3*b, 3*n = -2*b + 15375. What is the hundreds digit of n?
1
Let w(t) = t**2 - 7*t + 2. Let x be w(8). Let k = x + -8. Suppose g - 48 = -k*g. What is the tens digit of g?
1
Suppose 0 = -2*h + 116 + 32. What is the tens digit of h?
7
Let m(k) = k**3 - 7*k**2 - 7*k - 8. Let f be m(8). Let c = 1 - 3. What is the units digit of (-2 - (f - -26))/c?
4
Let m(u) = 17*u**2 - 35*u - 61. What is the tens digit of m(-12)?
0
Let u(z) = -77*z + 8. Let l be u(-13). Suppose 515 = 6*k - l. Suppose k = 7*p - 187. What is the units digit of p?
3
Let q(r) = r - 6*r + 53 - 50. What is the units digit of q(-10)?
3
Suppose -4*l + 5*y = -l + 1, 4*l = -3*y - 11. What is the hundreds digit of l/(-1)*(-1 + 114)?
2
Suppose 91*j - 26893 = 46362. What is the tens digit of j?
0
Let d be (-4 - -3)*-1 - -4. Suppose b = -d*b + 66. What is the units digit of b?
1
Suppose -10938 = -25*d + 3987. What is the tens digit of d?
9
Let a(i) = i**3 - 6*i**2 + 2*i - 1. Let q be a(6). Let c(o) = -5*o - 6. Let w be c(1). What is the units digit of (-255)/w - 2/q?
3
Let f be 6*(-1)/(-3)*(5 + -3). What is the hundreds digit of ((-3)/((-3)/f))/((-2)/(-96))?
1
Let o = 523 - 49. Suppose -2*k = 4*i - 770, 0 = 3*i - 5*k - o - 110. What is the units digit of i?
3
Suppose -6*l = -l - 20. Suppose 2*m = -2*a + 8, -2*a + m - l*m = -4. Suppose -q + 65 = 5*n, 3*n + 345 = 5*q + a*n. What is the units digit of q?
0
Let i = 42 - 36. Suppose 2*g + 17 = 5*o + g, 3 = -3*o + 5*g. Suppose -o*m - 124 = -i*m. What is the tens digit of m?
6
What is the tens digit of (2*(-3)/(-6))/((-5)/(-355))?
7
Let o(s) = 4*s**2 + 10*s - 2. Suppose -3*n - 2*p = -n + 20, -5*p = -n + 8. What is the units digit of o(n)?
4
Suppose 2*i + l + 8 = 7*i, -3*l + 12 = 3*i. Suppose -5*o + 5*w + 805 = 0, -89 + 418 = i*o + 5*w. What is the units digit of o?
2
Let a(y) = 3*y + 4. Let d be a(-3). Let c(i) = 11*i**2 - 6*i + 23. Let m(q) = -4*q**2 + 2*q - 8. Let j(n) = 3*c(n) + 8*m(n). What is the tens digit of j(d)?
4
Let c = -62 + 41. Let s = c + 23. Suppose -3*f = -s*q - 93, -3*f - 4*q + 93 = -q. What is the tens digit of f?
3
Let s(c) = -c**3 - 6*c**2 - 6*c - 3. Let p be s(-5). Let j = 1 + p. Let u = 17 - j. What is the units digit of u?
4
Suppose -20*c + 4205 + 8055 = 0. What is the units digit of c?
3
Suppose -630*f = -624*f - 10188. What is the thousands digit of f?
1
Suppose -y = 2*a - 2, 2*y + 0 - 4 = 5*a. Suppose y*k - 5 = k. Suppose 0 = -k*z + 42 + 83. What is the units digit of z?
5
What is the units digit of 12838/(-262)*80/(-14)?
0
Let s(y) be the second derivative of y**4/6 + y**3/3 + 4*y**2 - 24*y. Let g be 5/2*(-5 + 3). What is the units digit of s(g)?
8
Let h = 989 - 437. What is the tens digit of h?
5
Let u be 2/(-9) - 376/(-72). Let i(j) = 2*j + 1. Let d(r) = r + 1. Let w(p) = u*d(p) - 2*i(p). What is the tens digit of w(8)?
1
What is the thousands digit of (-3 - 331)*((-2565)/(-18))/(-19)?
2
Let y = -165 + 2596. What is the units digit of y?
1
Let f be (7/(-4))/((-4)/16). Suppose 2*n + 168 = f*c - 3*c, -126 = -3*c + n. What is the tens digit of c?
4
Let a(p) = -596*p**3 - p**2 - 4*p - 2. What is the units digit of a(-1)?
7
What is the units digit of 86/((1/8)/(8 + -7))?
8
Suppose 24*l - 188 = 20*l. Suppose -l = -2*b - 0*t - 5*t, -4*t + 64 = 4*b. What is the tens digit of b?
1
Let c(x) = -x**3 - 16*x**2 + 4*x + 15. Let j be c(-17). Suppose -6 = 2*w - j. What is the units digit of w?
5
Suppose -x = 1, 5*j + 5*x - 2795 - 19810 = 0. What is the units digit of j?
2
Let x(h) = 34*h**3 + h - 1. Let c(r) = r**2 - 4*r - 11. Let p(u) = 1. Let y(o) = -c(o) - 5*p(o). Let l be y(5). What is the units digit of x(l)?
4
Suppose f = -0*f. What is the tens digit of 5/(-15)*f - -69?
6
Suppose -4*m + p + 1537 + 299 = 0, 0 = 3*m - 3*p - 1386. What is the tens digit of m?
5
Suppose 4*v = 6 - 14. Let b be (v - -4) + -7 + -1. What is the tens digit of 3040/56 + b/21?
5
Suppose -5*c + 5*m = -100, 3*c - 8*c + m + 100 = 0. Suppose -225 = -c*w + 15*w. What is the tens digit of w?
4
Suppose -3*y + 5*s - 86 = -0*y, 4*y - 5*s = -123. Let r = -1 - y. What is the units digit of r?
6
Let j be 7/(14/(-4)) + 5. Suppose -5*t + 2*p = -j*p - 195, 3*p + 153 = 4*t. Suppose 4*m = t + 60. What is the tens digit of m?
2
Let v(m) = 3*m - 3. Let g be v(2). What is the units digit of g + (24 - (-2 - -2))?
7
Let a = 770 + -439. Suppose 0 = 3*f + r - 346, a = 2*f + f + 4*r. What is the hundreds digit of f?
1
Let r(u) = -u + 9. Suppose -4*o = -7*o + 15. Let x(k) = -k + 6. Let y(s) = o*r(s) - 8*x(s). What is the units digit of y(9)?
4
Suppose 0 = -21*n + 3367 + 3584. What is the tens digit of n?
3
Suppose 0 = 4*s - 9*s - 20. Suppose -k - 156 = -4*x, 2*x + x = -2*k + 117. Let a = x + s. What is the tens digit of a?
3
Let p(z) = -6*z + 59. Suppose 8*a + 150 = -50. What is the hundreds digit of p(a)?
2
Let b(v) be the third derivative of -v**4/24 + v**3/3 - 9*v**2. Let o be b(4). What is the units digit of ((-64)/((-8)/o))/(-1)?
6
Suppose -4*g + 9*g = -i + 22, 0 = 2*g + i - 7. Suppose -g*b + 6*b = 167. What is the tens digit of b?
6
Let t(g) = -131*g - 46. What is the units digit of t(-4)?
8
Suppose -7*r + 2*r + 1208 = 4*x, 5*r = 3*x - 871. What is the units digit of x?
7
Suppose -15*y = 6*y - 6846. What is the tens digit of y?
2
What is the units digit of (-740)/(-6)*(8 - (-112)/(-20))?
6
Let u(v) = 67*v + 118. What is the hundreds digit of u(8)?
6
Suppose -208 = 54*j - 53*j. Let i = j + 304. What is the units digit of i?
6
Let z(n) be the second derivative of 3*n**7/280 - n**6/720 - n**4/6 + 2*n. Let p(x) be the third derivative of z(x). What is the tens digit of p(1)?
2
What is the units digit of -7 - (-44)/11 - (1 - 221)?
7
Let w be 1/(15/(-85))*3. Let d(r) = r**3 + 15*r**2 - 36*r - 21. What is the units digit of d(w)?
3
Let t(d) = 3*d + 33. Let h(z) = z + 11. Let g(f) = 11*h(f) - 4*t(f). Let k be g(-5). Let l = k - -8. What is the units digit of l?
2
Let d(f) = -f**3 + 7*f**2 - 8*f + 7. Let a be d(6). Let q = -8 - a. What is the units digit of 10/(-6)*q*5?
5
Suppose -5*k + 12 = 3*f, -4*k + 3*f - 8 = f. Suppose k = y - 1 + 4, 5*c = y + 73. What is the units digit of c?
4
Let s = -124 - -124. Suppose -20*g + 16*g + 604 = s. What is the hundreds digit of g?
1
Let l be (-5)/((-65)/7061) - 4/26. Suppose 5*c = 427 + l. What is the tens digit of c?
9
What is the units digit of 1279/4 + (-245)/(-196)?
1
Suppose 0*o + 2*o = 5*z + 7, -5*z - o = 4. What is the tens digit of (z + -1)/((-15)/915)?
2
Let r = 5758 + -2897. What is the units digit of r?
1
Let l = -29 - -397. What is the units digit of l?
8
Let b be ((-1)/(-3))/((-14)/126) - -34. Suppose 3*o - 2*l = 227, 5*l - 135 + b = -o. What is the tens digit of o?
7
Let a(n) = -n**3 - 14*n**2 + 10*n - 18. Suppose 6*k + 81 = k - 2*i, 30 = -3*k + 5*i. What is the units digit of a(k)?
7
Let a(y) = 3*y**2 - 10*y + 29. Let i(n) = n**2 - 12*n - 51. Let b be i(15). What is the units digit of a(b)?
7
What is the tens digit of 10/6*(-8319)/(-295)?
4